{"id":167,"date":"2022-07-14T13:21:46","date_gmt":"2022-07-14T18:21:46","guid":{"rendered":"https:\/\/coolmonkeyaqp.com\/?page_id=167"},"modified":"2022-07-14T13:29:18","modified_gmt":"2022-07-14T18:29:18","slug":"peru","status":"publish","type":"page","link":"https:\/\/coolmonkeyaqp.com\/index.php\/peru\/","title":{"rendered":"Per\u00fa"},"content":{"rendered":"\n<p>Per\u00fa es un pa\u00eds de Sudam\u00e9rica que abarca una secci\u00f3n del bosque del Amazonas y Machu Picchu, una antigua ciudad inca en las alturas de los Andes. La regi\u00f3n en torno a Machu Picchu, incluido el Valle Sagrado, el Camino del Inca y la ciudad colonial de Cuzco, es rica en sitios arqueol\u00f3gicos. En la costa \u00e1rida del Pac\u00edfico de Per\u00fa se encuentra Lima, la capital, con un centro colonial preservado e importantes colecciones de arte precolombino.<\/p>\n","protected":false},"excerpt":{"rendered":"<p>Per\u00fa es un pa\u00eds de Sudam\u00e9rica que abarca una secci\u00f3n del bosque del Amazonas y Machu Picchu, una antigua ciudad inca en las alturas de los Andes. La regi\u00f3n en&hellip;<a href=\"https:\/\/coolmonkeyaqp.com\/index.php\/peru\/\" class=\"more-link\"><span class=\"more-button\">Leer m\u00e1s<span class=\"screen-reader-text\">Per\u00fa<\/span><\/span><\/a><\/p>\n","protected":false},"author":1,"featured_media":170,"parent":0,"menu_order":0,"comment_status":"closed","ping_status":"closed","template":"templates\/full-width-page.php","meta":{"om_disable_all_campaigns":false,"_monsterinsights_skip_tracking":false,"_monsterinsights_sitenote_active":false,"_monsterinsights_sitenote_note":"","_monsterinsights_sitenote_category":0,"footnotes":""},"class_list":["post-167","page","type-page","status-publish","has-post-thumbnail","hentry"],"aioseo_notices":[],"_links":{"self":[{"href":"https:\/\/coolmonkeyaqp.com\/index.php\/wp-json\/wp\/v2\/pages\/167","targetHints":{"allow":["GET"]}}],"collection":[{"href":"https:\/\/coolmonkeyaqp.com\/index.php\/wp-json\/wp\/v2\/pages"}],"about":[{"href":"https:\/\/coolmonkeyaqp.com\/index.php\/wp-json\/wp\/v2\/types\/page"}],"author":[{"embeddable":true,"href":"https:\/\/coolmonkeyaqp.com\/index.php\/wp-json\/wp\/v2\/users\/1"}],"replies":[{"embeddable":true,"href":"https:\/\/coolmonkeyaqp.com\/index.php\/wp-json\/wp\/v2\/comments?post=167"}],"version-history":[{"count":1,"href":"https:\/\/coolmonkeyaqp.com\/index.php\/wp-json\/wp\/v2\/pages\/167\/revisions"}],"predecessor-version":[{"id":168,"href":"https:\/\/coolmonkeyaqp.com\/index.php\/wp-json\/wp\/v2\/pages\/167\/revisions\/168"}],"wp:featuredmedia":[{"embeddable":true,"href":"https:\/\/coolmonkeyaqp.com\/index.php\/wp-json\/wp\/v2\/media\/170"}],"wp:attachment":[{"href":"https:\/\/coolmonkeyaqp.com\/index.php\/wp-json\/wp\/v2\/media?parent=167"}],"curies":[{"name":"wp","href":"https:\/\/api.w.org\/{rel}","templated":true}]}}